{"id":9417,"date":"2024-04-18T16:22:30","date_gmt":"2024-04-18T15:22:30","guid":{"rendered":"https:\/\/mtechnologias.tech\/?post_type=product&#038;p=9417"},"modified":"2024-04-18T16:22:30","modified_gmt":"2024-04-18T15:22:30","slug":"iphone-13-pro-max","status":"publish","type":"product","link":"https:\/\/mtechnologias.tech\/?product=iphone-13-pro-max","title":{"rendered":"IPHONE 13 PRO MAX"},"content":{"rendered":"<div class=\"f-productProperties__col\">\n<dl class=\"f-productProperties__item\">\n<dt class=\"f-productProperties__term\">Tipo Telem\u00f3vel: Smartphone iOS<\/dt>\n<\/dl>\n<dl class=\"f-productProperties__item\">\n<dt class=\"f-productProperties__term\">Sistema Operativo: iOS<\/dt>\n<\/dl>\n<dl class=\"f-productProperties__item\">\n<dt class=\"f-productProperties__term\">Operador: Livre<\/dt>\n<\/dl>\n<dl class=\"f-productProperties__item f-productProperties__item--long\">\n<dt class=\"f-productProperties__term\">Comunica\u00e7\u00f5es: 2G GSM\/EDGE | 3G UMTS\/HSPA+\/DC-HSDPA | 4G FDD-LTE\/TD-LTE | 5G NR | Wi-Fi 6 802.11ax com tecnologia MIMO 2&#215;2 | Bluetooth 5.0<\/dt>\n<\/dl>\n<dl class=\"f-productProperties__item\">\n<dt class=\"f-productProperties__term\">Dimens\u00e3o do Ecr\u00e3: 6,7 &#8221;<\/dt>\n<\/dl>\n<dl class=\"f-productProperties__item\">\n<dt class=\"f-productProperties__term\">Resolu\u00e7\u00e3o do Ecr\u00e3: 2778&#215;1284 px<\/dt>\n<\/dl>\n<dl class=\"f-productProperties__item f-productProperties__item--long\">\n<dt class=\"f-productProperties__term\">Tipo de Ecr\u00e3: Super Retina XDR com ProMotion | Ecr\u00e3 OLED | Ecr\u00e3 HDR | Ecr\u00e3 True Tone | Ecr\u00e3 com vasta gama de cores (P3) | Toque h\u00e1ptico | Revestimento oleof\u00f3bico resistente a dedadas | Compatibilidade com a apresenta\u00e7\u00e3o simult\u00e2nea de v\u00e1rios idiomas e caractere<\/dt>\n<\/dl>\n<dl class=\"f-productProperties__item\">\n<dt class=\"f-productProperties__term\">Mem\u00f3ria Interna: 256 GB<\/dt>\n<\/dl>\n<dl class=\"f-productProperties__item\">\n<dt class=\"f-productProperties__term\">Expansibilidade: N\u00e3o<\/dt>\n<\/dl>\n<dl class=\"f-productProperties__item f-productProperties__item--long\">\n<dt class=\"f-productProperties__term\">Processador: Apple A15 Bionic | 6-core com 2 n\u00facleos de desempenho e 4 n\u00facleos de efici\u00eancia | Neural Engine 16-core<\/dt>\n<\/dl>\n<dl class=\"f-productProperties__item\">\n<dt class=\"f-productProperties__term\">Gr\u00e1ficos: 5-core<\/dt>\n<\/dl>\n<dl class=\"f-productProperties__item\">\n<dt class=\"f-productProperties__term\">Resolu\u00e7\u00e3o C\u00e2mara: 12.0 MP + 12.0 MP + 12.0 MP<\/dt>\n<\/dl>\n<dl class=\"f-productProperties__item f-productProperties__item--long\">\n<dt class=\"f-productProperties__term\">Funcionalidades C\u00e2mara: Ultra grande angular: abertura de \u0192\/1,8 e campo de vis\u00e3o de 120\u00b0 | Grande angular: abertura de \u0192\/1,5 | Teleobjetiva: abertura de \u0192\/1,8 (iPhone 12 Pro) | Zoom \u00f3tico a 3x para ampliar, zoom \u00f3tico a 2x para afastar; zoom \u00f3tico total a 6x | Zoom digital at\u00e9 15x | Modo Retrato com efeito bokeh (fundo desfocado) avan\u00e7ado e Controlo da Profundidade | Ilumina\u00e7\u00e3o de Retrato com seis efeitos | Estabiliza\u00e7\u00e3o \u00f3tica de imagem (grande angular) | Flash True Tone mais brilhante com sincroniza\u00e7\u00e3o lenta | Retrato<\/dt>\n<\/dl>\n<dl class=\"f-productProperties__item f-productProperties__item--long\">\n<dt class=\"f-productProperties__term\">C\u00e2mara Frontal: 12.0 MP | | Abertura de \u0192\/2,2 | Modo Retrato com efeito bokeh (fundo desfocado) avan\u00e7ado e Controlo da Profundidade | Ilumina\u00e7\u00e3o de Retrato com seis efeitos (Natural, Est\u00fadio, Contorno, Palco, Palco Mono e High-Key Mono) | Animoji e Memoji | Grava\u00e7\u00e3o de v\u00eddeo 4K a 24, 30 ou 60 fps | HDR inteligente 4 | Grava\u00e7\u00e3o de v\u00eddeo em 4K a 24, 25, 30 ou 60 fps<\/dt>\n<\/dl>\n<dl class=\"f-productProperties__item\">\n<dt class=\"f-productProperties__term\">NFC: Sim<\/dt>\n<\/dl>\n<dl class=\"f-productProperties__item\">\n<dt class=\"f-productProperties__term\">GPS: GPS, GLONASS, Galileo, QZSS e BeiDou<\/dt>\n<\/dl>\n<\/div>\n<div class=\"f-productProperties__col\">\n<dl class=\"f-productProperties__item\">\n<dt class=\"f-productProperties__term\">R\u00e1dio: N\u00e3o<\/dt>\n<\/dl>\n<dl class=\"f-productProperties__item\">\n<dt class=\"f-productProperties__term\">Som: \u00c1udio espacial | Limite de volume m\u00e1ximo configur\u00e1vel pelo utilizador<\/dt>\n<\/dl>\n<dl class=\"f-productProperties__item\">\n<dt class=\"f-productProperties__term\">Mensagens: iMessage, SMS, MMS, Email, Push Email<\/dt>\n<\/dl>\n<dl class=\"f-productProperties__item\">\n<dt class=\"f-productProperties__term\">Interfaces: Lightning<\/dt>\n<\/dl>\n<dl class=\"f-productProperties__item f-productProperties__item--long\">\n<dt class=\"f-productProperties__term\">Sensores: Face ID: AtivadFace ID: Ativado pela c\u00e2mara TrueDepth para reconhecimento facial | Sensor LiDAR | Aceler\u00f3metro | Bar\u00f3metro | Girosc\u00f3pio triaxial | Sensor de proximidade | Sensor de luz ambienteo pela c\u00e2mara TrueDepth para reconhecimento facial | Sensor LiDAR | Aceler\u00f3metro | Bar\u00f3metro | Girosc\u00f3pio triaxial | Sensor de proximidade | Sensor de luz ambiente<\/dt>\n<\/dl>\n<dl class=\"f-productProperties__item\">\n<dt class=\"f-productProperties__term\">Tipo de Cart\u00e3o SIM: Nano SIM + eSIM<\/dt>\n<\/dl>\n<dl class=\"f-productProperties__item f-productProperties__item--long\">\n<dt class=\"f-productProperties__term\">Outras Funcionalidades: MagSafe: Carregamento wireless at\u00e9 15 W | Conjunto de \u00edmanes | \u00cdman de alinhamento | NFC de identifica\u00e7\u00e3o de acess\u00f3rios | Magnet\u00f3metro | Classifica\u00e7\u00e3o IP68 segundo a norma IEC 60529(at\u00e9 30 minutos \u00e0 profundidade m\u00e1xima de 6 metro) | Microlocaliza\u00e7\u00e3o iBeacon<\/dt>\n<\/dl>\n<dl class=\"f-productProperties__item f-productProperties__item--long\">\n<dt class=\"f-productProperties__term\">Bateria: Bateria de i\u00f5es de l\u00edtio integrada e recarreg\u00e1vel | Carregamento MagSafe wireless at\u00e9 15 W | Carregamento Qi wireless at\u00e9 7,5 W | Carregamento por USB no computador ou por adaptador de corrente | Carregamento r\u00e1pido: Carrega at\u00e9 50% em 30 minutos10 com o adaptador de 20 W ou superior<\/dt>\n<\/dl>\n<dl class=\"f-productProperties__item\">\n<dt class=\"f-productProperties__term\">Dimens\u00f5es: 160,8 x 78,1 x 7,65 mm<\/dt>\n<\/dl>\n<dl class=\"f-productProperties__item\">\n<dt class=\"f-productProperties__term\">Peso: 226 g<\/dt>\n<\/dl>\n<dl class=\"f-productProperties__item\">\n<dt class=\"f-productProperties__term\">Tipo de Rede: Rede 5G<\/dt>\n<\/dl>\n<\/div>\n","protected":false},"excerpt":{"rendered":"<p>Tipo Telem\u00f3vel: Smartphone iOS Sistema Operativo: iOS Operador: Livre Comunica\u00e7\u00f5es: 2G GSM\/EDGE | 3G UMTS\/HSPA+\/DC-HSDPA | 4G FDD-LTE\/TD-LTE | 5G NR | Wi-Fi 6 802.11ax com tecnologia MIMO 2&#215;2 | Bluetooth 5.0 Dimens\u00e3o do Ecr\u00e3: 6,7 &#8221; Resolu\u00e7\u00e3o do Ecr\u00e3: 2778&#215;1284 px Tipo de Ecr\u00e3: Super Retina XDR com ProMotion | Ecr\u00e3 OLED | Ecr\u00e3<\/p>\n<div class=\"klb-readmore entry-button\"><a class=\"btn read-more\" href=\"https:\/\/mtechnologias.tech\/?product=iphone-13-pro-max\">Read More<\/a><\/div>\n","protected":false},"featured_media":9418,"comment_status":"open","ping_status":"closed","template":"","meta":{"_joinchat":[]},"product_cat":[460,191,413],"product_tag":[],"class_list":{"0":"post-9417","1":"product","2":"type-product","3":"status-publish","4":"has-post-thumbnail","6":"product_cat-iphone","7":"product_cat-telemoveis","8":"product_cat-telemovel-e-tablets","10":"first","11":"instock","12":"shipping-taxable","13":"purchasable","14":"product-type-simple"},"jetpack_sharing_enabled":true,"_links":{"self":[{"href":"https:\/\/mtechnologias.tech\/index.php?rest_route=\/wp\/v2\/product\/9417","targetHints":{"allow":["GET"]}}],"collection":[{"href":"https:\/\/mtechnologias.tech\/index.php?rest_route=\/wp\/v2\/product"}],"about":[{"href":"https:\/\/mtechnologias.tech\/index.php?rest_route=\/wp\/v2\/types\/product"}],"replies":[{"embeddable":true,"href":"https:\/\/mtechnologias.tech\/index.php?rest_route=%2Fwp%2Fv2%2Fcomments&post=9417"}],"wp:featuredmedia":[{"embeddable":true,"href":"https:\/\/mtechnologias.tech\/index.php?rest_route=\/wp\/v2\/media\/9418"}],"wp:attachment":[{"href":"https:\/\/mtechnologias.tech\/index.php?rest_route=%2Fwp%2Fv2%2Fmedia&parent=9417"}],"wp:term":[{"taxonomy":"product_cat","embeddable":true,"href":"https:\/\/mtechnologias.tech\/index.php?rest_route=%2Fwp%2Fv2%2Fproduct_cat&post=9417"},{"taxonomy":"product_tag","embeddable":true,"href":"https:\/\/mtechnologias.tech\/index.php?rest_route=%2Fwp%2Fv2%2Fproduct_tag&post=9417"}],"curies":[{"name":"wp","href":"https:\/\/api.w.org\/{rel}","templated":true}]}}