{"id":9412,"date":"2024-04-18T16:16:38","date_gmt":"2024-04-18T15:16:38","guid":{"rendered":"https:\/\/mtechnologias.tech\/?post_type=product&#038;p=9412"},"modified":"2024-04-18T16:16:38","modified_gmt":"2024-04-18T15:16:38","slug":"apple-iphone-14-pro-max-256gb","status":"publish","type":"product","link":"https:\/\/mtechnologias.tech\/?product=apple-iphone-14-pro-max-256gb","title":{"rendered":"Apple iPhone 14 Pro Max 256GB"},"content":{"rendered":"<ul>\n<li><span>Tela Super Retina XDR de 6,7 polegadas<\/span><\/li>\n<li><span>C\u00e2mera principal de 48 MP<\/span><\/li>\n<li><span>Ilha Din\u00e2mica<\/span><\/li>\n<li><span>Modo cinematogr\u00e1fico agora em 4K Dolby Vision<\/span><\/li>\n<li><span>Tecnologia de seguran\u00e7a vital, tecnologia Crash<\/span><\/li>\n<li><span>A16 Bionic, o melhor chip para smartphone<\/span><\/li>\n<li><span>Bateria que dura o dia todo<\/span><\/li>\n<\/ul>\n<div class=\"block-900 text-center margin-bottom-60\">\n<div class=\"copy-container section-content\">\n<p>Uma nova maneira m\u00e1gica de interagir com o iPhone.\u00a0Recursos de seguran\u00e7a inovadores projetados para salvar vidas.\u00a0Uma c\u00e2mera inovadora de 48 MP para detalhes impressionantes.\u00a0Tudo alimentado pelo melhor chip de smartphone.<\/p>\n<\/div>\n<div class=\"grid-intro-container grid-item large-span-7 small-span-12\">\n<p class=\"typography-intro-shared grid-intro\">\n<\/div>\n<div class=\"grid-copy-container grid-item large-span-5 small-span-12\">\n<p class=\"copy copy-1 typography-body-1\">Projetado para durabilidade.<\/p>\n<p class=\"copy copy-2 typography-body-1\">Com Ceramic Shield, mais resistente que qualquer vidro de smartphone.\u00a0Resist\u00eancia \u00e0 \u00e1gua.\u00a0A\u00e7o inoxid\u00e1vel de grau cir\u00fargico.\u00a0Tamanho da tela de 6,1\u2033.\u00a0Tudo em quatro cores Pro.<\/p>\n<h4><\/h4>\n<h4>Apresentando o Dynamic Island, uma verdadeira inova\u00e7\u00e3o da Apple que \u00e9 hardware e software e algo intermedi\u00e1rio.\u00a0Ele borbulha m\u00fasica, placares esportivos, FaceTime e muito mais &#8211; tudo sem tirar voc\u00ea do que est\u00e1 fazendo.<\/h4>\n<\/div>\n<\/div>\n<h2 class=\"header typography-header-3 will-change-transform\">Exibi\u00e7\u00e3o sempre ativa.\u00a0Sempre pronto.<\/h2>\n<p class=\"body will-change-opacity\">Agora sua tela de bloqueio est\u00e1 sempre vis\u00edvel, ent\u00e3o voc\u00ea nem precisa toc\u00e1-la para ficar por dentro.<\/p>\n<p class=\"body will-change-opacity\">Quando o iPhone est\u00e1 virado para baixo ou no seu bolso, ele escurece para economizar bateria.<\/p>\n<p>&nbsp;<\/p>\n<h2 class=\"header typography-header-3\">Sua foto.\u00a0Sua fonte.\u00a0Seus widgets.\u00a0Seu iPhone.<\/h2>\n<p class=\"body\">O iOS 16 permite que voc\u00ea personalize sua tela de bloqueio de novas maneiras divertidas.\u00a0Sobreponha uma foto para torn\u00e1-la pop.\u00a0Acompanhe seus an\u00e9is de atividade.\u00a0E veja atualiza\u00e7\u00f5es ao vivo de seus aplicativos favoritos.<\/p>\n<div class=\"block-900 text-center margin-bottom-60\">\n<div class=\"section-content\">\n<div class=\"intro-wrapper\">\n<h2 class=\"headline typography-header-6\">Uma tela que \u00e9 at\u00e9 2x mais brilhante sob o sol.<\/h2>\n<p>&nbsp;<\/p>\n<div class=\"camera-header\">\n<div class=\"section-content\">\n<h3 class=\"headline large-offset-1 medium-offset-0\">O sistema de c\u00e2mera Pro fica\u00a0\u00a0<strong>massivamente\u00a0<span class=\"header-offset\">mais Pro.<\/span><\/strong><\/h3>\n<p class=\"copy typography-header-6 large-offset-2 large-7 medium-offset-1 small-11 bespoke-width\">Apresentando a nova c\u00e2mera principal de 48MP com um sensor avan\u00e7ado de quatro pixels.<\/p>\n<\/div>\n<div class=\"device-wrapper\">\n<div class=\"video-container device-cameras will-change-opacity paused loaded\"><img decoding=\"async\" src=\"https:\/\/www.apple.com\/v\/iphone-14-pro\/a\/images\/overview\/camera\/header\/startframe_no_chip__dn5b11wijv6u_large.jpg\" alt=\"\" \/>O iPhone 14 Pro eleva o n\u00edvel do que os 48 megapixels podem fazer \u2014 oferecendo 4x a resolu\u00e7\u00e3o em ProRAW para detalhes impressionantes em cada colheita.<\/div>\n<div class=\"video-container quad-sensor will-change-transform mask-on loaded\"><\/div>\n<\/div>\n<\/div>\n<div class=\"camera-quad-pixel-sensor\">\n<div class=\"dark purple deep-dive-container\">\n<div class=\"startframe\">\n<div class=\"section-content\">\n<div class=\"subsection subsection-header\"><\/div>\n<\/div>\n<\/div>\n<\/div>\n<\/div>\n<div class=\"camera-low-light\">\n<div class=\"dark purple vertical-type deep-dive-container\">\n<div class=\"startframe\">\n<div class=\"section-content\">\n<div class=\"tout-container\">\n<h3 class=\"headline typography-header-3 large-width-offset medium-7 medium-offset-4 small-12 small-offset-0\">A imagem da versatilidade.<\/h3>\n<div class=\"lenses-container\">\n<div class=\"image-column column-1 will-change-transform\">\n<div class=\"image-wrapper\">\n<p class=\"lens-caption overview-caption typography-overview-caption will-change-opacity\"><span>1x Principal |\u00a0<\/span>\u00a0<span>24mm<\/span><\/p>\n<\/div>\n<\/div>\n<div class=\"image-column column-2 will-change-transform\">\n<div class=\"image-wrapper\">\n<p class=\"lens-caption overview-caption typography-overview-caption will-change-opacity\"><span>Macro ultra amplo 0,5x |\u00a0<\/span>\u00a0<span>13mm<\/span><\/p>\n<\/div>\n<\/div>\n<div class=\"image-column column-3 will-change-transform\">\n<div><\/div>\n<div class=\"image-wrapper\"><span>Telefoto 3x | 77 mil\u00edmetros<\/span><\/div>\n<\/div>\n<\/div>\n<\/div>\n<\/div>\n<\/div>\n<\/div>\n<\/div>\n<p>&nbsp;<\/p>\n<div>\n<div class=\"deep-dive crash-detection purple dark\">\n<div class=\"deep-dive-panel\">\n<div class=\"section-content\">\n<p class=\"copy top-offset bespoke-width large-offset-1 medium-offset-0 small-offset-1 small-10\">O novo sistema de c\u00e2mera Pro adiciona uma telefoto de qualidade \u00f3ptica 2x \u00e0 sua faixa de zoom, colocando toneladas de flexibilidade de enquadramento em seu bolso.\u00a0Aumente seu jogo de quadros.<\/p>\n<\/div>\n<div class=\"deep-dive-button-open-container deep-dive-button-container\"><\/div>\n<div class=\"deep-dive-content horizontal-scroll-container-y\">\n<div class=\"horizontal-scroll\">\n<div class=\"horizontal-scroll-container-x\">\n<div class=\"horizontal-scroll-content\">\n<div class=\"deep-dive-custom-grid\">\n<div class=\"headline-container deep-dive-grid-item\">\n<div class=\"section-content\">\n<div class=\"section-content\">\n<h3 class=\"headline typography-header-3 large-11 large-last small-12 small-offset-0\">24. De tirar o f\u00f4lego.\u00a0Quadros.\u00a0Por.\u00a0Segundo.<\/h3>\n<p class=\"copy copy-1 large-5 large-last medium-6 small-10\">O modo cinematogr\u00e1fico agora filma em 4K HDR a 24 fps \u2014 o padr\u00e3o da ind\u00fastria cinematogr\u00e1fica.\u00a0Mande seu pessoal ligar para o nosso pessoal.<\/p>\n<\/div>\n<div class=\"video-container loaded playing\"><img decoding=\"async\" src=\"https:\/\/www.apple.com\/v\/iphone-14-pro\/a\/images\/overview\/camera\/cinematic-mode\/cinematic_mode_startframe__dlqadbfjfcae_large.jpg\" alt=\"\" \/>Agora voc\u00ea pode editar perfeitamente com outras filmagens profissionais em 4K a 24 ou 30 qps.\u00a0Voc\u00ea pode at\u00e9 editar o efeito de profundidade ap\u00f3s a captura.<\/div>\n<div class=\"video-container loaded playing\">\n<ul class=\"list-lenses\">\n<li class=\"section-item copy-1 large-3 large-offset-1 small-8 small-offset-2\">\n<h4 class=\"lens-name typography-claim-stat\"><span>Diretor<\/span><\/h4>\n<p class=\"lens-use-case typography-body-2\">48MP para at\u00e9 4x a resolu\u00e7\u00e3o<\/p>\n<ul class=\"list-specs overview-caption typography-overview-caption\">\n<li><span>24mm<\/span><\/li>\n<li><span>48 mm (telefoto 2x)<\/span><\/li>\n<li>Sensor de quatro pixels<\/li>\n<li><span>Quad pixel de 2,44 \u00b5m<\/span><\/li>\n<li><span>Pixel \u00fanico de 1,22 \u00b5m<\/span><\/li>\n<li>\u0192\/1,78 abertura<\/li>\n<li><span>100% pixels de foco<\/span><\/li>\n<li><span>Lente de 7 elementos<\/span><\/li>\n<li>OIS de deslocamento do sensor (2\u00aa gera\u00e7\u00e3o)<\/li>\n<\/ul>\n<\/li>\n<\/ul>\n<div>\n<ul class=\"list-lenses\">\n<li class=\"section-item copy-2 large-3 large-offset-1 small-8 small-offset-2\">\n<h4 class=\"lens-name typography-claim-stat\"><span>Telefoto<\/span><\/h4>\n<p class=\"lens-use-case typography-body-2\">At\u00e9 2x melhores fotos com pouca luz<\/p>\n<ul class=\"list-specs overview-caption typography-overview-caption\">\n<li><span>77 mil\u00edmetros<\/span><\/li>\n<li>zoom \u00f3ptico de 3x<\/li>\n<li>\u0192\/2.8 abertura<\/li>\n<li><span>6% de pixels de foco<\/span><\/li>\n<li><span>Lente de 6 elementos<\/span><\/li>\n<li><span>OIS<\/span><\/li>\n<\/ul>\n<\/li>\n<\/ul>\n<\/div>\n<div class=\"inline-media-ui inline-media-ui-button loaded playing\">\n<ul class=\"list-lenses\">\n<li class=\"section-item copy-3 large-3 large-offset-1 small-8 small-offset-2\">\n<h4 class=\"lens-name typography-claim-stat\"><span>Ultra amplo<\/span><\/h4>\n<p class=\"lens-use-case typography-body-2\">Fotos macro mais n\u00edtidas e brilhantes<\/p>\n<ul class=\"list-specs overview-caption typography-overview-caption\">\n<li><span>13mm<\/span><\/li>\n<li>Campo de vis\u00e3o de 120\u00b0<\/li>\n<li>\u0192\/2.2 abertura<\/li>\n<li><span>100% pixels de foco<\/span><\/li>\n<li><span>Lente de 6 elementos<\/span><\/li>\n<li>Corre\u00e7\u00e3o de lente<\/li>\n<\/ul>\n<\/li>\n<\/ul>\n<\/div>\n<\/div>\n<\/div>\n<\/div>\n<div class=\"grid-callouts-container deep-dive-grid-item\">\n<div class=\"section-content\">\n<div class=\"callout keylines-row-column\"><\/div>\n<div class=\"callout keylines-row-column\">\n<div class=\"row header-content\">\n<h3 class=\"headline typography-header-3 large-6 small-12 text-rag\">Uma c\u00e2mera em uma classe por si s\u00f3.<\/h3>\n<p class=\"copy large-5 large-offset-1 small-9 small-offset-0\">Fa\u00e7a seus close-ups e fotos de grupo mais n\u00edtidos e coloridos, gra\u00e7as a uma nova c\u00e2mera frontal TrueDepth com foco autom\u00e1tico e uma abertura maior.<\/p>\n<\/div>\n<\/div>\n<\/div>\n<\/div>\n<\/div>\n<\/div>\n<\/div>\n<\/div>\n<\/div>\n<\/div>\n<\/div>\n<\/div>\n<\/div>\n<\/div>\n<\/div>\n","protected":false},"excerpt":{"rendered":"<p>Tela Super Retina XDR de 6,7 polegadas C\u00e2mera principal de 48 MP Ilha Din\u00e2mica Modo cinematogr\u00e1fico agora em 4K Dolby Vision Tecnologia de seguran\u00e7a vital, tecnologia Crash A16 Bionic, o melhor chip para smartphone Bateria que dura o dia todo Uma nova maneira m\u00e1gica de interagir com o iPhone.\u00a0Recursos de seguran\u00e7a inovadores projetados para salvar<\/p>\n<div class=\"klb-readmore entry-button\"><a class=\"btn read-more\" href=\"https:\/\/mtechnologias.tech\/?product=apple-iphone-14-pro-max-256gb\">Read More<\/a><\/div>\n","protected":false},"featured_media":9413,"comment_status":"open","ping_status":"closed","template":"","meta":{"_joinchat":[]},"product_cat":[460,191,413],"product_tag":[],"class_list":{"0":"post-9412","1":"product","2":"type-product","3":"status-publish","4":"has-post-thumbnail","6":"product_cat-iphone","7":"product_cat-telemoveis","8":"product_cat-telemovel-e-tablets","10":"first","11":"instock","12":"shipping-taxable","13":"purchasable","14":"product-type-simple"},"jetpack_sharing_enabled":true,"_links":{"self":[{"href":"https:\/\/mtechnologias.tech\/index.php?rest_route=\/wp\/v2\/product\/9412","targetHints":{"allow":["GET"]}}],"collection":[{"href":"https:\/\/mtechnologias.tech\/index.php?rest_route=\/wp\/v2\/product"}],"about":[{"href":"https:\/\/mtechnologias.tech\/index.php?rest_route=\/wp\/v2\/types\/product"}],"replies":[{"embeddable":true,"href":"https:\/\/mtechnologias.tech\/index.php?rest_route=%2Fwp%2Fv2%2Fcomments&post=9412"}],"wp:featuredmedia":[{"embeddable":true,"href":"https:\/\/mtechnologias.tech\/index.php?rest_route=\/wp\/v2\/media\/9413"}],"wp:attachment":[{"href":"https:\/\/mtechnologias.tech\/index.php?rest_route=%2Fwp%2Fv2%2Fmedia&parent=9412"}],"wp:term":[{"taxonomy":"product_cat","embeddable":true,"href":"https:\/\/mtechnologias.tech\/index.php?rest_route=%2Fwp%2Fv2%2Fproduct_cat&post=9412"},{"taxonomy":"product_tag","embeddable":true,"href":"https:\/\/mtechnologias.tech\/index.php?rest_route=%2Fwp%2Fv2%2Fproduct_tag&post=9412"}],"curies":[{"name":"wp","href":"https:\/\/api.w.org\/{rel}","templated":true}]}}