{"id":7820,"date":"2023-11-10T09:28:19","date_gmt":"2023-11-10T08:28:19","guid":{"rendered":"https:\/\/mtechnologias.tech\/?post_type=product&#038;p=7820"},"modified":"2025-03-10T04:58:48","modified_gmt":"2025-03-10T03:58:48","slug":"switch-hpe-aruba-2530-48g-poe","status":"publish","type":"product","link":"https:\/\/mtechnologias.tech\/?product=switch-hpe-aruba-2530-48g-poe","title":{"rendered":"SWITCH HPE ARUBA 2530 48G POE+"},"content":{"rendered":"<p class=\"hpe-more-information__list-item\"><span class=\"hpe-product-specification-text\">Switch de acesso Fast Ethernet PoE+ de 48 portas totalmente gerenciado e de alta densidade com uplinks Gigabit.<br \/>\nEste modelo possui 48 portas 10\/100 PoE+ com um or\u00e7amento de energia de 382 W.\u00a0Al\u00e9m disso, o switch possui duas portas 10\/100\/1000 e duas portas Gigabit SFP dedicadas.<\/span><\/p>\n<p class=\"hpe-more-information__list-item\"><b>Consumo de energia<\/b><span class=\"hpe-product-specification-text\">\u00a0441 W (m\u00e1ximo)<\/span><\/p>\n<p class=\"hpe-more-information__list-item\"><b>Dissipa\u00e7\u00e3o de calor<\/b><span class=\"hpe-product-specification-text\">\u00a0170 BTU\/h (179,35 kJ\/h)<\/span><\/p>\n<p class=\"hpe-more-information__list-item\"><b>Tens\u00e3o de entrada<\/b><span class=\"hpe-product-specification-text\">\u00a0100 \u2013 127 \/ 200 \u2013 240 VAC, nominal<\/span><\/p>\n<p class=\"hpe-more-information__list-item\"><b>Portas<\/b><span class=\"hpe-product-specification-text\">\u00a0(48) RJ-45 portas 10\/100 PoE+ com detec\u00e7\u00e3o<br \/>\nautom\u00e1tica (2) portas 10\/100\/1000 com detec\u00e7\u00e3o autom\u00e1tica<br \/>\n(2) portas SFP Gigabit Ethernet fixas<\/span><\/p>\n<p class=\"hpe-more-information__list-item\"><b>Lat\u00eancia<\/b><span class=\"hpe-product-specification-text\">\u00a0100 Mb Lat\u00eancia: &lt; 6,6 \u00b5s<br \/>\n1000 Mb Lat\u00eancia: &lt; 2,2 \u00b5s<\/span><\/p>\n<p class=\"hpe-more-information__list-item\"><b>Capacidade de comuta\u00e7\u00e3o<\/b><span class=\"hpe-product-specification-text\">\u00a017,6 Gbps<\/span><\/p>\n<p class=\"hpe-more-information__list-item\"><b>Capacidades de empilhamento<\/b><span class=\"hpe-product-specification-text\">\u00a0Virtual<br \/>\n16 switches<\/span><\/p>\n<p class=\"hpe-more-information__list-item\"><b>Rendimento<\/b><span class=\"hpe-product-specification-text\">\u00a0de at\u00e9 13 Mpps<\/span><\/p>\n<p class=\"hpe-more-information__list-item\"><b>Mem\u00f3ria e processador<\/b><span class=\"hpe-product-specification-text\">\u00a0ARM9E @ 800 MHz<br \/>\nFlash de 128 MB<br \/>\nTamanho do buffer do pacote: 3 MB alocados dinamicamente<br \/>\n256 MB DDR3 DIMM<\/span><\/p>\n<p class=\"hpe-more-information__list-item\"><b>Capacidade PoE<\/b><span class=\"hpe-product-specification-text\">\u00a0382 W<\/span><\/p>\n<p class=\"hpe-more-information__list-item\"><b>Recursos de gerenciamento<\/b><span class=\"hpe-product-specification-text\">\u00a0Aruba Central e Aruba AirWave Network Management<br \/>\nIMC\u2014Intelligent Management Center<br \/>\ninterface de linha de comando\u00a0menu de configura\u00e7\u00e3o<br \/>\ndo navegador da Web\u00a0gerenciamento fora de banda (serial RS-232C ou Micro USB)\u00a0Repetidor\u00a0Ethernet MIB IEEE 802.3\u00a0Interface Ethernet MIB Gerenciamento de rede MIB AirWave<br \/>\n<\/span><\/p>\n<p>&nbsp;<\/p>\n<p class=\"hpe-more-information__list-item\"><b>Descri\u00e7\u00e3o detalhada do produto<\/b><span class=\"hpe-product-specification-text\">\u00a0Switch Aruba 2530 com 48 portas Power-over-Ethernet-plus, 2 portas SFP e 2 portas 1GbE<\/span><\/p>\n<p class=\"hpe-more-information__list-item\"><b>Peso<\/b><span class=\"hpe-product-specification-text\">\u00a010,1 libras<\/span><\/p>\n<p class=\"hpe-more-information__list-item\"><b>Peso<\/b><span class=\"hpe-product-specification-text\">\u00a04,58 kg<\/span><\/p>\n<p class=\"hpe-more-information__list-item\"><b>Dimens\u00f5es m\u00ednimas (A x L x P)<\/b><span class=\"hpe-product-specification-text\">\u00a017,4 x 12,7 x 1,75 pol.<\/span><\/p>\n<p class=\"hpe-more-information__list-item\"><b>Dimens\u00f5es m\u00ednimas (A x L x P)<\/b><span class=\"hpe-product-specification-text\">\u00a044,2 x 32,26 x 4,45 cm<\/span><\/p>\n<p>SWITCH HPE ARUBA 2530 48G POE+<\/p>\n","protected":false},"excerpt":{"rendered":"<p>Switch de acesso Fast Ethernet PoE+ de 48 portas totalmente gerenciado e de alta densidade com uplinks Gigabit. Este modelo possui 48 portas 10\/100 PoE+ com um or\u00e7amento de energia de 382 W.\u00a0Al\u00e9m disso, o switch possui duas portas 10\/100\/1000 e duas portas Gigabit SFP dedicadas. Consumo de energia\u00a0441 W (m\u00e1ximo) Dissipa\u00e7\u00e3o de calor\u00a0170 BTU\/h<\/p>\n<div class=\"klb-readmore entry-button\"><a class=\"btn read-more\" href=\"https:\/\/mtechnologias.tech\/?product=switch-hpe-aruba-2530-48g-poe\">Read More<\/a><\/div>\n","protected":false},"featured_media":7821,"comment_status":"open","ping_status":"closed","template":"","meta":{"_joinchat":[]},"product_cat":[134,216],"product_tag":[],"class_list":{"0":"post-7820","1":"product","2":"type-product","3":"status-publish","4":"has-post-thumbnail","6":"product_cat-redes","7":"product_cat-switch","9":"first","10":"instock","11":"shipping-taxable","12":"purchasable","13":"product-type-simple"},"jetpack_sharing_enabled":true,"_links":{"self":[{"href":"https:\/\/mtechnologias.tech\/index.php?rest_route=\/wp\/v2\/product\/7820","targetHints":{"allow":["GET"]}}],"collection":[{"href":"https:\/\/mtechnologias.tech\/index.php?rest_route=\/wp\/v2\/product"}],"about":[{"href":"https:\/\/mtechnologias.tech\/index.php?rest_route=\/wp\/v2\/types\/product"}],"replies":[{"embeddable":true,"href":"https:\/\/mtechnologias.tech\/index.php?rest_route=%2Fwp%2Fv2%2Fcomments&post=7820"}],"wp:featuredmedia":[{"embeddable":true,"href":"https:\/\/mtechnologias.tech\/index.php?rest_route=\/wp\/v2\/media\/7821"}],"wp:attachment":[{"href":"https:\/\/mtechnologias.tech\/index.php?rest_route=%2Fwp%2Fv2%2Fmedia&parent=7820"}],"wp:term":[{"taxonomy":"product_cat","embeddable":true,"href":"https:\/\/mtechnologias.tech\/index.php?rest_route=%2Fwp%2Fv2%2Fproduct_cat&post=7820"},{"taxonomy":"product_tag","embeddable":true,"href":"https:\/\/mtechnologias.tech\/index.php?rest_route=%2Fwp%2Fv2%2Fproduct_tag&post=7820"}],"curies":[{"name":"wp","href":"https:\/\/api.w.org\/{rel}","templated":true}]}}