{"id":19256,"date":"2026-02-18T13:31:08","date_gmt":"2026-02-18T12:31:08","guid":{"rendered":"https:\/\/mtechnologias.tech\/?post_type=product&#038;p=19256"},"modified":"2026-02-18T13:31:08","modified_gmt":"2026-02-18T12:31:08","slug":"celular-xiaomi-redmi-note-14-pro-5g-nfc-dual-sim-256gb-8gb-ram-de-6-67-20082mp-20mp-frost-blue-global","status":"publish","type":"product","link":"https:\/\/mtechnologias.tech\/?product=celular-xiaomi-redmi-note-14-pro-5g-nfc-dual-sim-256gb-8gb-ram-de-6-67-20082mp-20mp-frost-blue-global","title":{"rendered":"Celular Xiaomi Redmi Note 14 Pro+ 5G NFC Dual SIM 256GB 8GB RAM de 6.67&#8243; 200+8+2MP 20MP &#8211; Frost Blue (Global)"},"content":{"rendered":"<div class=\"row\">\n<div class=\"text-center\">\n<h2 class=\"mb-1 mt-3 mb-3\">Celular Xiaomi Redmi Note 14 Pro+<\/h2>\n<p>O Xiaomi Redmi Note 14 Pro+ 5G impressiona com seu processador Snapdragon 7s Gen 3, tela AMOLED CrystalRes de 6,67&#8243; com Dolby Vision e taxa de 120Hz. Conta com c\u00e2mera tripla de 200MP + 8MP + 2MP e frontal de 20MP para fotos incr\u00edveis. Bateria de 5.110mAh, certifica\u00e7\u00e3o IP68, conectividade NFC e \u00e1udio Dolby Atmos fazem dele uma escolha premium para desempenho e estilo.<\/p>\n<h3><\/h3>\n<\/div>\n<div class=\"mt-3\"><img decoding=\"async\" class=\"w-100\" src=\"https:\/\/resource.megaeletronicos.com\/uploads\/Blog\/1\/7\/5\/175\/690a3bbc0b709.webp\" alt=\"Celular Xiaomi Redmi Note 14 Pro+\" \/><\/div>\n<div class=\"col-sm-12\"><\/div>\n<\/div>\n<div class=\"row\">\n<div class=\"col-sm-12\">\n<div>\n<div class=\"row\">\n<div class=\"col-sm-6\"><img decoding=\"async\" class=\"w-100\" src=\"https:\/\/resource.megaeletronicos.com\/uploads\/Blog\/1\/7\/5\/175\/690a3bbc160bd.webp\" alt=\"\" \/><\/div>\n<div class=\"col-sm-6 align-self-center\">\n<div class=\"pr-5\">\n<h4 class=\"mb-1 mt-3 mb-3\"><\/h4>\n<h4 class=\"\"><span style=\"color: #8b69cb;\">Xiaomi 14 Pro+<\/span><\/h4>\n<h4 class=\"\"><span style=\"color: #8b69cb;\">\u00a0<\/span><\/h4>\n<h2 class=\"\"><span style=\"color: #c888e3;\">Excel\u00eancia de imagem incompar\u00e1vel com uma c\u00e2mera de IA de 200 MP<\/span><\/h2>\n<p>O Redmi Note 14 Pro+ 5G vem equipado com uma c\u00e2mera principal de 200 MP de n\u00edvel premium, hardware poderoso e estabiliza\u00e7\u00e3o \u00f3ptica de imagem (OIS) para oferecer detalhes mais n\u00edtidos e fotos noturnas mais claras.<\/p>\n<h2 class=\"\"><span style=\"color: #c888e3;\">Xiaomi Imaging Engine<\/span><\/h2>\n<p>Algoritmo aprimorado com intelig\u00eancia artificial.<\/p>\n<\/div>\n<\/div>\n<\/div>\n<\/div>\n<\/div>\n<\/div>\n<div class=\"row\">\n<div class=\"col-sm-12\">\n<div>\n<div class=\"row\">\n<div class=\"col-sm-6 align-self-center\">\n<div class=\"pl-5\">\n<h4 class=\"mb-1 mt-3 mb-3\"><\/h4>\n<h3 class=\"\">Xiaomi 14 Pro+<\/h3>\n<h2 class=\"\"><span style=\"color: #c888e3;\">Desempenho de n\u00edvel superior<\/span><\/h2>\n<ul>\n<li><b>Snapdragon\u00ae 7s Gen 3<\/b><\/li>\n<\/ul>\n<p>Processador TSMC de 4 nm<\/p>\n<ul>\n<li><b>HyperCharge de 120W<\/b><\/li>\n<\/ul>\n<p>Bateria de alta capacidade de 5110mAh<\/p>\n<ul>\n<li><b>Prote\u00e7\u00e3o contra o frio<\/b><\/li>\n<\/ul>\n<p>Funciona bem mesmo em ambientes de baixa temperatura.<\/p>\n<h2 class=\"\"><span style=\"color: #c888e3;\">Tela brilhante<br \/>\nCores e contrastes impressionantes<\/span><\/h2>\n<ul>\n<li><b>Brilho m\u00e1ximo de 3000 nits<\/b><\/li>\n<\/ul>\n<p>Tela CrystalRes de 1.5K<\/p>\n<ul>\n<li><b>Tela com cuidado visual<\/b><\/li>\n<\/ul>\n<p>A fun\u00e7\u00e3o de prote\u00e7\u00e3o ocular integrada ajusta automaticamente a temperatura de cor da tela conforme a hora do dia.<\/p>\n<ul>\n<li><b>Tela altamente responsiva<\/b><\/li>\n<\/ul>\n<p>Mais fluida e envolvente.<\/p>\n<\/div>\n<\/div>\n<div class=\"col-sm-6\"><img decoding=\"async\" class=\"w-100\" src=\"https:\/\/resource.megaeletronicos.com\/uploads\/Blog\/1\/7\/5\/175\/690a3bbc17a1d.webp\" alt=\"\" \/><\/div>\n<\/div>\n<\/div>\n<\/div>\n<\/div>\n<div class=\"row\">\n<div class=\"col-sm-12\">\n<div>\n<div class=\"row\">\n<div class=\"col-sm-6\"><img decoding=\"async\" class=\"w-100\" src=\"https:\/\/resource.megaeletronicos.com\/uploads\/Blog\/1\/7\/5\/175\/690a3bbc1b173.webp\" alt=\"\" \/><\/div>\n<div class=\"col-sm-6 align-self-center\">\n<div class=\"pr-5\">\n<h4 class=\"mb-1 mt-3 mb-3\"><\/h4>\n<h4 class=\"\"><span style=\"color: #8b69cb;\">Xiaomi 14 Pro+<\/span><\/h4>\n<h2 class=\"\"><span style=\"color: #c888e3;\">Fotos noturnas incr\u00edveis<\/span><\/h2>\n<p>Deixe seus momentos ic\u00f4nicos brilharem.<\/p>\n<h2 class=\"\"><span style=\"color: #c888e3;\">Alto alcance din\u00e2mico<\/span><\/h2>\n<p>Clareza nas luzes e nas sombras.<\/p>\n<h2 class=\"\"><span style=\"color: #c888e3;\">Retratos naturais<\/span><\/h2>\n<p>Mostre seu charme interior.<\/p>\n<h2 class=\"\"><span style=\"color: #c888e3;\">Instant\u00e2neos<\/span><\/h2>\n<p>Capture mais emo\u00e7\u00e3o.<\/p>\n<h2 class=\"\"><span style=\"color: #c888e3;\">Fotos din\u00e2micas<\/span><\/h2>\n<p>Registre e preserve os momentos mais m\u00e1gicos da vida.<\/p>\n<\/div>\n<\/div>\n<\/div>\n<\/div>\n<\/div>\n<\/div>\n<div class=\"row\">\n<div class=\"col-sm-12 text-center\">\n<div><img decoding=\"async\" class=\"w-100\" src=\"https:\/\/resource.megaeletronicos.com\/uploads\/Blog\/1\/7\/5\/175\/690a3bbc143df.webp\" alt=\"\" \/><\/div>\n<\/div>\n<\/div>\n<div class=\"row\">\n<div class=\"col-sm-12\">\n<div>\n<div class=\"row\">\n<div class=\"col-sm-6 align-self-center\">\n<div class=\"pl-5\">\n<h4 class=\"mb-1 mt-3 mb-3\"><\/h4>\n<h4 class=\"\"><span style=\"color: #8b69cb;\">Xiaomi 14 Pro+<\/span><\/h4>\n<h2 class=\"\"><span style=\"color: #c888e3;\">Resist\u00eancia IP68 \u00e0 poeira e \u00e0 \u00e1gua<\/span><\/h2>\n<p>O Redmi Note 14 Pro+ 5G vem equipado com prote\u00e7\u00e3o IP68 de alto n\u00edvel, o que significa que foi testado para suportar at\u00e9 30 minutos de imers\u00e3o em at\u00e9 1,5 metro de profundidade.<\/p>\n<h2 class=\"\"><span style=\"color: #c888e3;\">Tecnologia t\u00e1til com \u00e1gua<\/span><\/h2>\n<p>Desfrute de uma navega\u00e7\u00e3o fluida e conex\u00e3o cont\u00ednua, mesmo com os dedos \u00famidos, oleosos ou ensaboados.<\/p>\n<h2 class=\"\"><span style=\"color: #c888e3;\">Resist\u00eancia aprimorada a riscos e quedas<\/span><\/h2>\n<p>Vidro Corning\u00ae Gorilla\u00ae Glass 7i<\/p>\n<h2 class=\"\"><span style=\"color: #c888e3;\">Vidro traseiro\u00a0Estrutura totalmente refor\u00e7ada<\/span><\/h2>\n<p>Mais resistente e dur\u00e1vel.<\/p>\n<\/div>\n<\/div>\n<div class=\"col-sm-6\"><img decoding=\"async\" class=\"w-100\" src=\"https:\/\/resource.megaeletronicos.com\/uploads\/Blog\/1\/7\/5\/175\/690a3bbc1cbcd.webp\" alt=\"\" \/><\/div>\n<\/div>\n<\/div>\n<\/div>\n<\/div>\n","protected":false},"excerpt":{"rendered":"<p>Celular Xiaomi Redmi Note 14 Pro+ O Xiaomi Redmi Note 14 Pro+ 5G impressiona com seu processador Snapdragon 7s Gen 3, tela AMOLED CrystalRes de 6,67&#8243; com Dolby Vision e taxa de 120Hz. Conta com c\u00e2mera tripla de 200MP + 8MP + 2MP e frontal de 20MP para fotos incr\u00edveis. Bateria de 5.110mAh, certifica\u00e7\u00e3o IP68,<\/p>\n<div class=\"klb-readmore entry-button\"><a class=\"btn read-more\" href=\"https:\/\/mtechnologias.tech\/?product=celular-xiaomi-redmi-note-14-pro-5g-nfc-dual-sim-256gb-8gb-ram-de-6-67-20082mp-20mp-frost-blue-global\">Read More<\/a><\/div>\n","protected":false},"featured_media":19257,"comment_status":"open","ping_status":"closed","template":"","meta":{"_joinchat":[]},"product_cat":[602],"product_tag":[],"class_list":{"0":"post-19256","1":"product","2":"type-product","3":"status-publish","4":"has-post-thumbnail","6":"product_cat-smartphone","8":"first","9":"instock","10":"shipping-taxable","11":"purchasable","12":"product-type-simple"},"jetpack_sharing_enabled":true,"_links":{"self":[{"href":"https:\/\/mtechnologias.tech\/index.php?rest_route=\/wp\/v2\/product\/19256","targetHints":{"allow":["GET"]}}],"collection":[{"href":"https:\/\/mtechnologias.tech\/index.php?rest_route=\/wp\/v2\/product"}],"about":[{"href":"https:\/\/mtechnologias.tech\/index.php?rest_route=\/wp\/v2\/types\/product"}],"replies":[{"embeddable":true,"href":"https:\/\/mtechnologias.tech\/index.php?rest_route=%2Fwp%2Fv2%2Fcomments&post=19256"}],"wp:featuredmedia":[{"embeddable":true,"href":"https:\/\/mtechnologias.tech\/index.php?rest_route=\/wp\/v2\/media\/19257"}],"wp:attachment":[{"href":"https:\/\/mtechnologias.tech\/index.php?rest_route=%2Fwp%2Fv2%2Fmedia&parent=19256"}],"wp:term":[{"taxonomy":"product_cat","embeddable":true,"href":"https:\/\/mtechnologias.tech\/index.php?rest_route=%2Fwp%2Fv2%2Fproduct_cat&post=19256"},{"taxonomy":"product_tag","embeddable":true,"href":"https:\/\/mtechnologias.tech\/index.php?rest_route=%2Fwp%2Fv2%2Fproduct_tag&post=19256"}],"curies":[{"name":"wp","href":"https:\/\/api.w.org\/{rel}","templated":true}]}}