{"id":19129,"date":"2026-01-16T14:34:49","date_gmt":"2026-01-16T13:34:49","guid":{"rendered":"https:\/\/mtechnologias.tech\/?post_type=product&#038;p=19129"},"modified":"2026-01-24T11:45:00","modified_gmt":"2026-01-24T10:45:00","slug":"xiaomi-redmi-a5-4g-lte-para-tmobile-tello-global-128gb-4gb-32mp-ai-dual-camera-17-5-cm-modelo-25028rn03l-dual-sim-midnight-black","status":"publish","type":"product","link":"https:\/\/mtechnologias.tech\/?product=xiaomi-redmi-a5-4g-lte-para-tmobile-tello-global-128gb-4gb-32mp-ai-dual-camera-17-5-cm-modelo-25028rn03l-dual-sim-midnight-black","title":{"rendered":"XIAOMI Redmi A5 4G LTE (para Tmobile Tello &#038; Global) (128Gb + 4Gb) 32MP Ai Dual Camera 17.5 cm Modelo 25028RN03L Dual Sim (Midnight Black)"},"content":{"rendered":"<table class=\"a-normal a-spacing-micro\" role=\"list\">\n<tbody>\n<tr class=\"a-spacing-small po-brand\" role=\"listitem\">\n<td class=\"a-span3\" role=\"presentation\"><span class=\"a-size-base a-text-bold\">Marca<\/span><\/td>\n<td class=\"a-span9\" role=\"presentation\"><span class=\"a-size-base po-break-word\">XIAOMI<\/span><\/td>\n<\/tr>\n<tr class=\"a-spacing-small po-operating_system\" role=\"listitem\">\n<td class=\"a-span3\" role=\"presentation\"><span class=\"a-size-base a-text-bold\">Sistema operacional<\/span><\/td>\n<td class=\"a-span9\" role=\"presentation\"><span class=\"a-size-base po-break-word\">Android<\/span><\/td>\n<\/tr>\n<tr class=\"a-spacing-small po-ram_memory.installed_size\" role=\"listitem\">\n<td class=\"a-span3\" role=\"presentation\"><span class=\"a-size-base a-text-bold\">Tamanho instalado da mem\u00f3ria RAM<\/span><\/td>\n<td class=\"a-span9\" role=\"presentation\"><span class=\"a-size-base po-break-word\">4 GB<\/span><\/td>\n<\/tr>\n<tr class=\"a-spacing-small po-cpu_model.family\" role=\"listitem\">\n<td class=\"a-span3\" role=\"presentation\"><span class=\"a-size-base a-text-bold\">Modelo da CPU<\/span><\/td>\n<td class=\"a-span9\" role=\"presentation\"><span class=\"a-size-base po-break-word\">Others<\/span><\/td>\n<\/tr>\n<tr class=\"a-spacing-small po-cpu_model.speed\" role=\"listitem\">\n<td class=\"a-span3\" role=\"presentation\"><span class=\"a-size-base a-text-bold\">Velocidade da CPU<\/span><\/td>\n<td class=\"a-span9\" role=\"presentation\"><span class=\"a-size-base po-break-word\">1,8 GHz<\/span><\/td>\n<\/tr>\n<tr class=\"a-spacing-small po-memory_storage_capacity\" role=\"listitem\">\n<td class=\"a-span3\" role=\"presentation\"><span class=\"a-size-base a-text-bold\">Capacidade de armazenamento da mem\u00f3ria<\/span><\/td>\n<td class=\"a-span9\" role=\"presentation\"><span class=\"a-size-base po-break-word\">128 GB<\/span><\/td>\n<\/tr>\n<tr class=\"a-spacing-small po-display.size\" role=\"listitem\">\n<td class=\"a-span3\" role=\"presentation\"><span class=\"a-size-base a-text-bold\">Tamanho da tela<\/span><\/td>\n<td class=\"a-span9\" role=\"presentation\"><span class=\"a-size-base po-break-word\">6,88 Polegadas<\/span><\/td>\n<\/tr>\n<tr class=\"a-spacing-small po-resolution\" role=\"listitem\">\n<td class=\"a-span3\" role=\"presentation\"><span class=\"a-size-base a-text-bold\">Resolu\u00e7\u00e3o<\/span><\/td>\n<td class=\"a-span9\" role=\"presentation\"><span class=\"a-size-base po-break-word\">1650 x 720<\/span><\/td>\n<\/tr>\n<tr class=\"a-spacing-small po-refresh_rate\" role=\"listitem\">\n<td class=\"a-span3\" role=\"presentation\"><span class=\"a-size-base a-text-bold\">Taxa de atualiza\u00e7\u00e3o<\/span><\/td>\n<td class=\"a-span9\" role=\"presentation\"><span class=\"a-size-base po-break-word\">90 hertz<\/span><\/td>\n<\/tr>\n<tr class=\"a-spacing-small po-model_name\" role=\"listitem\">\n<td class=\"a-span3\" role=\"presentation\"><span class=\"a-size-base a-text-bold\">Nome do modelo<\/span><\/td>\n<td class=\"a-span9\" role=\"presentation\"><span class=\"a-size-base po-break-word\">redmi a5<\/span><\/td>\n<\/tr>\n<\/tbody>\n<\/table>\n<h1 class=\"a-size-base-plus a-text-bold\">Sobre este item<\/h1>\n<ul class=\"a-unordered-list a-vertical a-spacing-mini\">\n<li class=\"a-spacing-mini\"><span class=\"a-list-item\">O MERCADO DOS EUA FUNCIONA APENAS EM TMOBILE MINT TELLO OU EM QUALQUER TELEFONE DE REDE TMOBILE PRECISA DE UM CART\u00c3O SIM J\u00c1 ATIVADO, FORA DOS EUA FUNCIONA QUALQUER CARREIRA GSM SIM GSM FCC ID: FCC ID: 2AFZZRN03L<\/span><\/li>\n<li class=\"a-spacing-mini\"><span class=\"a-list-item\">Dual SIM + microSD, suporta duas bandas de rede 4G: Suporta 4G\/3G\/2G4G: LTE TDD: B38\/40\/414G: LTE FDD: B1\/3\/5\/7\/8\/20\/283G: WCDMA: B1\/5\/82G: GSM: 2\/3\/5\/8 \/ Redes sem fio 2,4GHz\/5GHz Wi-Fi. Bluetooth 5.4 Suporta R\u00e1dio FM (com conector de fone de ouvido) suporta AAC \/ SBC<\/span><\/li>\n<li class=\"a-spacing-mini\"><span class=\"a-list-item\">Tela grande de 6,9 polegadas 1640 x 720, 260 ppi. Taxa de contraste: 1500: 1 Profundidade da cor: 8 bits. Gama de cores: 70% NTSCBrilho: 450 nits (tipo) Taxa de atualiza\u00e7\u00e3o: at\u00e9 120 Hz**A taxa de atualiza\u00e7\u00e3o pode ser ajustada para at\u00e9 120 Hz para aplicativos compat\u00edveis. Regula\u00e7\u00e3o CC T\u00dcT. V Rheinland Baixa luz azul (solu\u00e7\u00e3o de software) T\u00dcV Rheinland Flicker FreeT\u00dcV Rheinland Circadian Friendly**O recurso pode estar dispon\u00edvel via atualiza\u00e7\u00e3o OTA. Taxa de amostragem de toque: at\u00e9 240HzPropor\u00e7\u00e3o tela-corpo 90% (AA\/CG)<\/span><\/li>\n<li class=\"a-spacing-mini\"><span class=\"a-list-item\">filmCamera | Modo HDR | Ultra HD | Modo noturno. C\u00e2mera principal de 32MP. Lente 4P\/2.0 Lente auxiliar. Grava\u00e7\u00e3o de v\u00eddeo da c\u00e2mera traseira 1080p 1920&#215;1080 30fps720p 1280&#215;720 30fps &#8211; C\u00e2mera frontal: modo HDR | Modo retrato de luz de preenchimento | Lapso de tempo | C\u00e2mera frontal de 8 MP lente a4P\/2.0 Grava\u00e7\u00e3o de v\u00eddeo frontal 1080p 1920&#215;1080 30fps720p 1280&#215;720 30fps<\/span><\/li>\n<li class=\"a-spacing-mini\"><span class=\"a-list-item\">Bateria de 5200 mAh (tipo) suporta carregamento r\u00e1pido de 15 W **O adaptador de energia n\u00e3o est\u00e1 inclu\u00eddo USB tipo-C<\/span><\/li>\n<li class=\"a-spacing-mini\"><span class=\"a-list-item\">Sensor de impress\u00e3o digital lateral AI desbloqueio facial GPS | Glonass | Galileo | Sensor de proximidade virtual Beidou | Sensor de luz ambiente virtual | Aceler\u00f4metro | B\u00fassola eletr\u00f4nica<\/span><\/li>\n<li class=\"a-spacing-mini\"><span class=\"a-list-item\">Conector de fone de ouvido de 3,5 mm &#8211; Android 15 (Go Edition) principais atualiza\u00e7\u00f5es 3 anos de atualiza\u00e7\u00f5es de patch de seguran\u00e7a para celular | | Cabo USB tipo C | Ferramenta de eje\u00e7\u00e3o SIM | Guia de in\u00edcio r\u00e1pido e cart\u00e3o de garantia | Informa\u00e7\u00f5es de seguran\u00e7a<\/span><\/li>\n<li class=\"a-spacing-mini\"><span class=\"a-list-item\">Processador UNISOC T7250 processo de 12 nm, CPU octa-core: at\u00e9 1,8 GHz<\/span><\/li>\n<\/ul>\n","protected":false},"excerpt":{"rendered":"<p>Marca XIAOMI Sistema operacional Android Tamanho instalado da mem\u00f3ria RAM 4 GB Modelo da CPU Others Velocidade da CPU 1,8 GHz Capacidade de armazenamento da mem\u00f3ria 128 GB Tamanho da tela 6,88 Polegadas Resolu\u00e7\u00e3o 1650 x 720 Taxa de atualiza\u00e7\u00e3o 90 hertz Nome do modelo redmi a5 Sobre este item O MERCADO DOS EUA FUNCIONA<\/p>\n<div class=\"klb-readmore entry-button\"><a class=\"btn read-more\" href=\"https:\/\/mtechnologias.tech\/?product=xiaomi-redmi-a5-4g-lte-para-tmobile-tello-global-128gb-4gb-32mp-ai-dual-camera-17-5-cm-modelo-25028rn03l-dual-sim-midnight-black\">Read More<\/a><\/div>\n","protected":false},"featured_media":19130,"comment_status":"open","ping_status":"closed","template":"","meta":{"_joinchat":[]},"product_cat":[602,191],"product_tag":[],"class_list":{"0":"post-19129","1":"product","2":"type-product","3":"status-publish","4":"has-post-thumbnail","6":"product_cat-smartphone","7":"product_cat-telemoveis","9":"first","10":"instock","11":"shipping-taxable","12":"purchasable","13":"product-type-simple"},"jetpack_sharing_enabled":true,"_links":{"self":[{"href":"https:\/\/mtechnologias.tech\/index.php?rest_route=\/wp\/v2\/product\/19129","targetHints":{"allow":["GET"]}}],"collection":[{"href":"https:\/\/mtechnologias.tech\/index.php?rest_route=\/wp\/v2\/product"}],"about":[{"href":"https:\/\/mtechnologias.tech\/index.php?rest_route=\/wp\/v2\/types\/product"}],"replies":[{"embeddable":true,"href":"https:\/\/mtechnologias.tech\/index.php?rest_route=%2Fwp%2Fv2%2Fcomments&post=19129"}],"wp:featuredmedia":[{"embeddable":true,"href":"https:\/\/mtechnologias.tech\/index.php?rest_route=\/wp\/v2\/media\/19130"}],"wp:attachment":[{"href":"https:\/\/mtechnologias.tech\/index.php?rest_route=%2Fwp%2Fv2%2Fmedia&parent=19129"}],"wp:term":[{"taxonomy":"product_cat","embeddable":true,"href":"https:\/\/mtechnologias.tech\/index.php?rest_route=%2Fwp%2Fv2%2Fproduct_cat&post=19129"},{"taxonomy":"product_tag","embeddable":true,"href":"https:\/\/mtechnologias.tech\/index.php?rest_route=%2Fwp%2Fv2%2Fproduct_tag&post=19129"}],"curies":[{"name":"wp","href":"https:\/\/api.w.org\/{rel}","templated":true}]}}