{"id":13578,"date":"2024-10-30T17:28:11","date_gmt":"2024-10-30T16:28:11","guid":{"rendered":"https:\/\/mtechnologias.tech\/?post_type=product&#038;p=13578"},"modified":"2024-10-30T17:28:11","modified_gmt":"2024-10-30T16:28:11","slug":"tv-oled-65%e2%80%b3-oled65c36la-elx","status":"publish","type":"product","link":"https:\/\/mtechnologias.tech\/?product=tv-oled-65%e2%80%b3-oled65c36la-elx","title":{"rendered":"Tv Oled 65\u2033 Oled65C36la. Elx"},"content":{"rendered":"<div class=\"tech-spacs-title\">IMAGEM (DISPLAY)<\/div>\n<div class=\"tech-spacs-contents\">\n<ul>\n<li>\n<dl>\n<dt>Tipo de exibi\u00e7\u00e3o<\/dt>\n<dd>OLED 4K<\/dd>\n<\/dl>\n<dl>\n<dt>Resolu\u00e7\u00e3o da tela<\/dt>\n<dd>4K Ultra HD (3.840 x 2.160)<\/dd>\n<\/dl>\n<\/li>\n<li>\n<dl>\n<dt>Taxa de atualiza\u00e7\u00e3o<\/dt>\n<dd>120Hz nativo<\/dd>\n<\/dl>\n<dl>\n<dt>Ampla gama de cores<\/dt>\n<dd>Cor OLED<\/dd>\n<\/dl>\n<\/li>\n<\/ul>\n<\/div>\n","protected":false},"excerpt":{"rendered":"<p>IMAGEM (DISPLAY) Tipo de exibi\u00e7\u00e3o OLED 4K Resolu\u00e7\u00e3o da tela 4K Ultra HD (3.840 x 2.160) Taxa de atualiza\u00e7\u00e3o 120Hz nativo Ampla gama de cores Cor OLED<\/p>\n","protected":false},"featured_media":13579,"comment_status":"open","ping_status":"closed","template":"","meta":{"_joinchat":[]},"product_cat":[294],"product_tag":[],"class_list":{"0":"post-13578","1":"product","2":"type-product","3":"status-publish","4":"has-post-thumbnail","6":"product_cat-smart-tv","8":"first","9":"instock","10":"shipping-taxable","11":"purchasable","12":"product-type-simple"},"jetpack_sharing_enabled":true,"_links":{"self":[{"href":"https:\/\/mtechnologias.tech\/index.php?rest_route=\/wp\/v2\/product\/13578","targetHints":{"allow":["GET"]}}],"collection":[{"href":"https:\/\/mtechnologias.tech\/index.php?rest_route=\/wp\/v2\/product"}],"about":[{"href":"https:\/\/mtechnologias.tech\/index.php?rest_route=\/wp\/v2\/types\/product"}],"replies":[{"embeddable":true,"href":"https:\/\/mtechnologias.tech\/index.php?rest_route=%2Fwp%2Fv2%2Fcomments&post=13578"}],"wp:featuredmedia":[{"embeddable":true,"href":"https:\/\/mtechnologias.tech\/index.php?rest_route=\/wp\/v2\/media\/13579"}],"wp:attachment":[{"href":"https:\/\/mtechnologias.tech\/index.php?rest_route=%2Fwp%2Fv2%2Fmedia&parent=13578"}],"wp:term":[{"taxonomy":"product_cat","embeddable":true,"href":"https:\/\/mtechnologias.tech\/index.php?rest_route=%2Fwp%2Fv2%2Fproduct_cat&post=13578"},{"taxonomy":"product_tag","embeddable":true,"href":"https:\/\/mtechnologias.tech\/index.php?rest_route=%2Fwp%2Fv2%2Fproduct_tag&post=13578"}],"curies":[{"name":"wp","href":"https:\/\/api.w.org\/{rel}","templated":true}]}}