{"id":13567,"date":"2024-10-30T14:52:43","date_gmt":"2024-10-30T13:52:43","guid":{"rendered":"https:\/\/mtechnologias.tech\/?post_type=product&#038;p=13567"},"modified":"2024-10-30T14:52:43","modified_gmt":"2024-10-30T13:52:43","slug":"tv-smart-vida-hd-32%e2%80%b3-bruhm-elx","status":"publish","type":"product","link":"https:\/\/mtechnologias.tech\/?product=tv-smart-vida-hd-32%e2%80%b3-bruhm-elx","title":{"rendered":"Tv Smart Vida Hd 32\u2033 Bruhm. Elx"},"content":{"rendered":"<ul>\n<li>Modelo \u2013 BTF-32SV<\/li>\n<li>Tamanho \u2013 32 POLEGADAS<\/li>\n<li>Resolu\u00e7\u00e3o (HD\/FHD\/UHD) \u2013 HD<\/li>\n<li>Tipo \u2013 Vidaa smart OS<\/li>\n<li>Smart TV Vidaa de moldura estreita<\/li>\n<li>32\u2033-BTF-32SV<\/li>\n<li>Vidaa smart OS<\/li>\n<li>Uso f\u00e1cil e resposta r\u00e1pida<\/li>\n<li>Controle remoto com teclas de atalho<\/li>\n<li>Forma simples de alto brilho<\/li>\n<li>\u00c1udio Dolby<\/li>\n<li>caixa de som opcional<\/li>\n<li>Mais suportes de base opcionais<\/li>\n<li>Suporte de parede livre<\/li>\n<li>Recurso de sinal \u2013 T2\/S2<\/li>\n<li>Tens\u00e3o\/frequ\u00eancia \u2013 V\/Hz \u2013 100-240V\/50\/60Hz<\/li>\n<li>Tamanho da unidade (L*P*A) sem suporte \u2013 731*78*431 MM<\/li>\n<li>Peso l\u00edquido \u2013 3,8 KG<\/li>\n<li>Peso Bruto \u2013 5,3 KG<\/li>\n<li>Aprova\u00e7\u00e3o do certificado \u2013 CB<\/li>\n<li>Carregando qtd. (40\u2019HQ) \u2013 1742 PCS<\/li>\n<\/ul>\n","protected":false},"excerpt":{"rendered":"<p>Modelo \u2013 BTF-32SV Tamanho \u2013 32 POLEGADAS Resolu\u00e7\u00e3o (HD\/FHD\/UHD) \u2013 HD Tipo \u2013 Vidaa smart OS Smart TV Vidaa de moldura estreita 32\u2033-BTF-32SV Vidaa smart OS Uso f\u00e1cil e resposta r\u00e1pida Controle remoto com teclas de atalho Forma simples de alto brilho \u00c1udio Dolby caixa de som opcional Mais suportes de base opcionais Suporte de<\/p>\n<div class=\"klb-readmore entry-button\"><a class=\"btn read-more\" href=\"https:\/\/mtechnologias.tech\/?product=tv-smart-vida-hd-32%e2%80%b3-bruhm-elx\">Read More<\/a><\/div>\n","protected":false},"featured_media":13568,"comment_status":"open","ping_status":"closed","template":"","meta":{"_joinchat":[]},"product_cat":[294],"product_tag":[],"class_list":{"0":"post-13567","1":"product","2":"type-product","3":"status-publish","4":"has-post-thumbnail","6":"product_cat-smart-tv","8":"first","9":"instock","10":"shipping-taxable","11":"purchasable","12":"product-type-simple"},"jetpack_sharing_enabled":true,"_links":{"self":[{"href":"https:\/\/mtechnologias.tech\/index.php?rest_route=\/wp\/v2\/product\/13567","targetHints":{"allow":["GET"]}}],"collection":[{"href":"https:\/\/mtechnologias.tech\/index.php?rest_route=\/wp\/v2\/product"}],"about":[{"href":"https:\/\/mtechnologias.tech\/index.php?rest_route=\/wp\/v2\/types\/product"}],"replies":[{"embeddable":true,"href":"https:\/\/mtechnologias.tech\/index.php?rest_route=%2Fwp%2Fv2%2Fcomments&post=13567"}],"wp:featuredmedia":[{"embeddable":true,"href":"https:\/\/mtechnologias.tech\/index.php?rest_route=\/wp\/v2\/media\/13568"}],"wp:attachment":[{"href":"https:\/\/mtechnologias.tech\/index.php?rest_route=%2Fwp%2Fv2%2Fmedia&parent=13567"}],"wp:term":[{"taxonomy":"product_cat","embeddable":true,"href":"https:\/\/mtechnologias.tech\/index.php?rest_route=%2Fwp%2Fv2%2Fproduct_cat&post=13567"},{"taxonomy":"product_tag","embeddable":true,"href":"https:\/\/mtechnologias.tech\/index.php?rest_route=%2Fwp%2Fv2%2Fproduct_tag&post=13567"}],"curies":[{"name":"wp","href":"https:\/\/api.w.org\/{rel}","templated":true}]}}