{"id":10059,"date":"2024-05-15T10:28:50","date_gmt":"2024-05-15T09:28:50","guid":{"rendered":"https:\/\/mtechnologias.tech\/?post_type=product&#038;p=10059"},"modified":"2025-10-01T06:30:52","modified_gmt":"2025-10-01T05:30:52","slug":"logitech-r400-apontador-wireless","status":"publish","type":"product","link":"https:\/\/mtechnologias.tech\/?product=logitech-r400-apontador-wireless","title":{"rendered":"Logitech R400 Apontador Wireless"},"content":{"rendered":"<div class=\"sc-qPciQ dZFUau\">Sobre o produto<\/div>\n<div class=\"sc-kQwWFH kfuKOe\">\n<p>Um apresentador-com controles intuitivos e um ponteiro laser vermelho que ajuda a explicar e atingir o ponto certo sem fio.<\/p>\n<ul>\n<li><strong>com confian\u00e7a<\/strong><br \/>\nOs controles intuitivos e ponteiro laser vermelho facilitar apresenta\u00e7\u00f5es, mesmo nos locais mais escuros.<\/li>\n<li><strong>mover-se livremente<\/strong><br \/>\nO raio de 15 metros e o indicador de status da bateria ajuda transformar uma mera apresenta\u00e7\u00e3o em algo extraordin\u00e1rio.<\/li>\n<li><strong>Pronto para assumir<\/strong><br \/>\nN\u00e3o requer software, basta conectar o receptor a uma porta USB e voc\u00ea pode us\u00e1-lo.<\/li>\n<\/ul>\n<h2>caracter\u00edsticas:<\/h2>\n<ul>\n<li><strong>Os controles intuitivos para apresenta\u00e7\u00f5es<\/strong><br \/>\nOs bot\u00f5es s\u00e3o f\u00e1ceis de encontrar pelo toque. E o projeto suavemente com contornos \u00e9 perfeito para a m\u00e3o. Voc\u00ea tem tudo sob controle desde o primeiro at\u00e9 o \u00faltimo slide.<\/li>\n<li><strong>Ponteiro laser vermelho<\/strong><br \/>\nO p\u00fablico vai ver facilmente que ele diz.<\/li>\n<li><strong>Variar at\u00e9<\/strong>\u00a0a\u00a0<strong>15 metros<\/strong><br \/>\nCom a tecnologia wireless 2.4GHz voc\u00ea poder\u00e1 desfrutar de liberdade de movimento para mover ao redor da sala e interagir com o p\u00fablico para a apresenta\u00e7\u00e3o mais impressionante.<\/li>\n<li><strong>Estado da bateria Indicador<\/strong><br \/>\nEle permite que voc\u00ea veja instantaneamente a quantidade de carga dispon\u00edvel.<\/li>\n<li><strong>Receptor sem fio Plug and Play<\/strong><br \/>\nSem instalar software. Basta conectar o receptor a uma porta USB de usar. E no final, voc\u00ea pode salvar o receptor no apresentador.<\/li>\n<\/ul>\n<h2>especifica\u00e7\u00f5es:<\/h2>\n<ul>\n<li>Requisitos do sistema\n<ul>\n<li>PC com Windows\u00ae XP, Windows Vista\u00ae ou Windows\u00ae 7<\/li>\n<li>porta USB<\/li>\n<\/ul>\n<\/li>\n<li>Informa\u00e7\u00f5es de garantia\n<ul>\n<li>Tr\u00eas anos de garantia do fabricante<\/li>\n<\/ul>\n<\/li>\n<li>Conte\u00fado da caixa\n<ul>\n<li>Logitech\u00ae Wireless Presenter R400<\/li>\n<li>Duas pilhas AAA<\/li>\n<li>estojo protetor<\/li>\n<li>Documenta\u00e7\u00e3o do usu\u00e1rio<\/li>\n<\/ul>\n<\/li>\n<li>outro:\n<ul>\n<li>bot\u00f5es integrados para apresenta\u00e7\u00f5es<\/li>\n<li>raio de a\u00e7\u00e3o efetiva de 15 metros com a tecnologia sem fio de 2,4 GHz<\/li>\n<li>diodo laser vermelho ponteiro<\/li>\n<li>Plug and Play: nenhum software necessidade<\/li>\n<li>receptor armazen\u00e1vel e estojo de transporte<\/li>\n<li>Estado da bateria Indicador<\/li>\n<li>Ligar \/ desligar<\/li>\n<\/ul>\n<\/li>\n<\/ul>\n<\/div>\n","protected":false},"excerpt":{"rendered":"<p>Sobre o produto Um apresentador-com controles intuitivos e um ponteiro laser vermelho que ajuda a explicar e atingir o ponto certo sem fio. com confian\u00e7a Os controles intuitivos e ponteiro laser vermelho facilitar apresenta\u00e7\u00f5es, mesmo nos locais mais escuros. mover-se livremente O raio de 15 metros e o indicador de status da bateria ajuda transformar<\/p>\n<div class=\"klb-readmore entry-button\"><a class=\"btn read-more\" href=\"https:\/\/mtechnologias.tech\/?product=logitech-r400-apontador-wireless\">Read More<\/a><\/div>\n","protected":false},"featured_media":10065,"comment_status":"open","ping_status":"closed","template":"","meta":{"_joinchat":[]},"product_cat":[256],"product_tag":[],"class_list":{"0":"post-10059","1":"product","2":"type-product","3":"status-publish","4":"has-post-thumbnail","6":"product_cat-accessories","8":"first","9":"instock","10":"sale","11":"shipping-taxable","12":"purchasable","13":"product-type-simple"},"jetpack_sharing_enabled":true,"_links":{"self":[{"href":"https:\/\/mtechnologias.tech\/index.php?rest_route=\/wp\/v2\/product\/10059","targetHints":{"allow":["GET"]}}],"collection":[{"href":"https:\/\/mtechnologias.tech\/index.php?rest_route=\/wp\/v2\/product"}],"about":[{"href":"https:\/\/mtechnologias.tech\/index.php?rest_route=\/wp\/v2\/types\/product"}],"replies":[{"embeddable":true,"href":"https:\/\/mtechnologias.tech\/index.php?rest_route=%2Fwp%2Fv2%2Fcomments&post=10059"}],"wp:featuredmedia":[{"embeddable":true,"href":"https:\/\/mtechnologias.tech\/index.php?rest_route=\/wp\/v2\/media\/10065"}],"wp:attachment":[{"href":"https:\/\/mtechnologias.tech\/index.php?rest_route=%2Fwp%2Fv2%2Fmedia&parent=10059"}],"wp:term":[{"taxonomy":"product_cat","embeddable":true,"href":"https:\/\/mtechnologias.tech\/index.php?rest_route=%2Fwp%2Fv2%2Fproduct_cat&post=10059"},{"taxonomy":"product_tag","embeddable":true,"href":"https:\/\/mtechnologias.tech\/index.php?rest_route=%2Fwp%2Fv2%2Fproduct_tag&post=10059"}],"curies":[{"name":"wp","href":"https:\/\/api.w.org\/{rel}","templated":true}]}}